2236a3 (base 13) in base 15?
-151eb18
333320122 (base 4) to base 8
777032
1d96a (base 16) to base 15
25d99
Convert -2721715 (base 8) to base 10.
-762829
Convert -63471a4 (base 11) to base 3.
-210001000221121
-36b07 (base 12) to base 16
-121b7
What is -1644502 (base 7) in base 9?
-380087
Convert -250a5 (base 12) to base 2.
-1100010000111101
What is 100101101001000011010 (base 2) in base 11?
772774
-54761 (base 13) to base 15
-30455
What is -223310222 (base 4) in base 2?
-101011110100101010
Convert -25254251 (base 7) to base 16.
-22d3d8
Convert -1422011 (base 7) to base 8.
-563645
2674480 (base 9) to base 12
5a8753
Convert -38dcc (base 14) to base 8.
-421230
What is 488a27 (base 12) in base 3?
2012202212111
-112023 (base 8) to base 2
-1001010000010011
-89c1bb (base 13) to base 4
-30122131000
What is 11100110100011101101 (base 2) in base 14?
1a8229
-10002211021112 (base 3) to base 10
-1649930
What is 49687 (base 12) in base 8?
302207
What is -8392a (base 13) in base 11?
-151874
1604508 (base 11) to base 7
32215300
Convert -25032530 (base 6) to base 4.
-3002233212
31000331 (base 4) to base 12
26a25
What is 12532535 (base 6) in base 2?
1100101101110001011
What is -204a9 (base 14) in base 15?
-18095
Convert 102240442 (base 5) to base 2.
1101001001010011011
Convert -3037783 (base 11) to base 5.
-2333300421
-79a75 (base 15) to base 8
-1364046
Convert 14432455 (base 6) to base 11.
313312
What is 31424443 (base 5) in base 16?
408b5
Convert 6137428 (base 9) to base 5.
1314212311
Convert -460b99 (base 12) to base 6.
-40011513
Convert -127620 (base 9) to base 4.
-102333102
What is 237031 (base 9) in base 4?
202321000
Convert 205a21 (base 13) to base 11.
476506
Convert -17ccb (base 14) to base 10.
-60155
Convert -47887 (base 11) to base 15.
-15664
Convert -20021001211 (base 3) to base 4.
-132011302
What is 138164 (base 11) in base 4?
310230011
What is -1121321131 (base 4) in base 7?
-3062350
422014 (base 5) to base 11
a586
What is 135aaa (base 12) in base 16?
4e6e2
Convert 11101111011011 (base 2) to base 5.
442243
117581 (base 12) to base 3
112100111021
2000012221002 (base 3) to base 10
1067204
203423214 (base 5) to base 4
3031221011
What is 223313201330 (base 4) in base 2?
101011110111100001111100
12656224 (base 8) to base 9
5311127
Convert 50272 (base 13) to base 10.
143236
Convert 7292626 (base 10) to base 16.
6f46d2
Convert -1214100311 (base 5) to base 4.
-22332223332
-7409844 (base 10) to base 12
-2594130
What is -29d1a8 (base 14) in base 13?
-3c0494
What is 39da22 (base 16) in base 5?
1432311034
What is 3b01b7 (base 14) in base 11?
1170a88
What is 70230 (base 10) in base 4?
101021112
What is -307702 (base 9) in base 13?
-652a0
What is -1221011010022 (base 3) in base 8?
-3724731
-32221402 (base 5) to base 15
-55ed7
-2243c25 (base 13) to base 6
-1013243310
Convert f06ab (base 16) to base 13.
2862ba
-1602166 (base 7) to base 8
-654212
What is -bb55b (base 12) in base 4?
-330201113
Convert 10110122101 (base 3) to base 15.
15361
What is 1130467 (base 8) in base 11?
1a0046
What is -1c749b (base 13) in base 2?
-10110010010001100000
Convert 604413 (base 7) to base 4.
121000110
Convert 620a0 (base 11) to base 4.
112013322
-36d8a (base 15) to base 9
-286264
What is -1f1b4 (base 16) in base 7?
-1040315
-3283933 (base 10) to base 15
-44d03d
What is 16c738 (base 13) in base 5?
121222003
What is 21014315 (base 6) in base 13?
184154
Convert -130210022330 (base 4) to base 2.
-11100100100001010111100
-14113242 (base 5) to base 6
-3034250
Convert -242414 (base 9) to base 2.
-100011101011011001
What is 600067 (base 9) in base 16?
56833
-1015020 (base 7) to base 2
-11101101110110011
-51320055 (base 6) to base 7
-15341252
Convert -36069 (base 13) to base 11.
-68387
1350323 (base 8) to base 14
9cc83
Convert 11220020202 (base 3) to base 9.
156222
Convert -100000001111101101 (base 2) to base 14.
-361c1
Convert 46399c (base 16) to base 11.
2663830
What is -36135a (base 14) in base 13?
-4c8b32
What is -10212101202121 (base 3) in base 2?
-111110101101011011110
Convert -4672053 (base 8) to base 7.
-13556656
What is -1202121202 (base 3) in base 16?
-879b
-15665057 (base 8) to base 16
-376a2f
3169302 (base 12) to base 10
9347186
13614771 (base 8) to base 4
23301213321
Convert -24aba (base 15) to base 8.
-344667
Convert -800126 (base 16) to base 2.
-100000000000000100100110
What is 5acb09 (base 14) in base 12?
105a9b1
Convert 1798c (base 13) to base 10.
45577
d634a (base 14) to base 11
32308a
Convert -190711a (base 11) to base 7.
-36313210
Convert 302321114 (base 5) to base 8.
4502725
Convert -1100120201111 (base 3) to base 2.
-10101111110010110001
-298c97 (base 15) to base 8
-7512371
Convert -5bac60 (base 16) to base 4.
-112322301200
-1596000 (base 13) to base 9
-14067366
-90f5c (base 16) to base 11
-376109
Convert -1101110100101001100111 (base 2) to base 5.
-1411423102
Convert -561246 (base 7) to base 8.
-301144
Convert 5337610 (base 8) to base 16.
15bf88
What is 1111201020011 (base 3) in base 8?
3035071
What is -174214 (base 9) in base 15?
-22047
What is -1210122002111 (base 3) in base 2?
-11101001101100111100
-604b9 (base 12) to base 14
-33861
1232330331 (base 4) to base 7
3601650
48412 (base 15) to base 6
4534425
Convert -31204231 (base 5) to base 11.
-165a4a
-100111000100101011 (base 2) to base 13
-57b00
What is 10012222000 (base 3) in base 12?
30830
What is 3065411 (base 7) in base 10?
369272
What is -2915729 (base 12) in base 6?
-452352453
Convert 1001222002021 (base 3) to base 13.
16c67b
575476 (base 13) to base 7
23402410
Convert 1a692 (base 15) to base 6.
1501302
What is 9b673 (base 12) in base 10?
206583
What is -20111111110 (base 3) in base 13?
-46305
-144451 (base 11) to base 3
-102110022002
What is 1992b2 (base 16) in base 9?
3133871
What is -163a137 (base 11) in base 10?
-2795261
What is 23035 (base 14) in base 7?
503065
What is 105143620 (base 7) in base 6?
344432414
Convert -12413104434 (base 5) to base 4.
-322212300233
What is 794877 (base 11) in base 14?
24d290
What is 111310310011 (base 4) in base 5?
2431040344
What is -7264331 (base 8) in base 6?
-105151025
Convert -161060 (base 8) to base 13.
-20482
Convert 14874 (base 12) to base 2.
111000011011000
What is -201020 (base 11) in base 3?
-121102200211
What is 117862 (base 10) in base 2?
11100110001100110
1020123002 (base 4) to base 2
1001000011011000010
What is -21121002001002 (base 3) in base 12?
-1427b32
Convert 1c6e17 (base 15) to base 3.
2121122010111
Convert -45445 (base 9) to base 12.
-15612
What is 250155330 (base 6) in base 4?
102031213212
Convert 31692 (base 10) to base 15.
95cc
Convert -23b15 (base 12) to base 9.
-73168
Convert 103202311 (base 4) to base 5.
10030203
-532821 (base 9) to base 5
-40121203
What is -270220 (base 11) in base 10?
-424853
Convert 185e2 (base 15) to base 14.
20ac2
What is -33828 (base 10) in base 6?
-420340
What is 3012212442 (base 5) in base 2?
10110110010111110111101
145854 (base 9) to base 11
61387
3c9769 (base 13) to base 12
5b315a
Convert 14ab464 (base 12) to base 14.
7b7912
-2140135 (base 6) to base 16
-19f5b
Convert -112210120100221 (base 3) to base 4.
-132000012100
What is 656936 (base 13) in base 4?
21012112133
Convert -5721572 (base 8) to base 6.
-53112042
What is -1542848 (base 10) in base 3?
-2220101101112
-4207502 (base 8) to base 5
-241234033
2266303 (base 9) to base 14
23c5b8
What is 21485404 (base 9) in base 13?
21ca267
-22304342 (base 5) to base 14
-51d72
-1441665 (base 8) to base 11
-2604a7
Convert 10432023 (base 5) to base 6.
1553243
-1452613 (base 8) to base 9
-702378
Convert 237783 (base 10) to base 8.
720327
Convert -3d600 (base 14) to base 6.
-3132052
What is -2133132331 (base 4) in base 13?
-19b448
Convert -22246130 (base 9) to base 5.
-10224341034
What is -1041a2 (base 11) in base 12?
-80500
Convert 20300141 (base 5) to base 11.
103520
Convert -3230434 (base 6) to base 13.
-5782c
Convert -240314303 (base 6) to base 13.
-c1943a
Convert 136356 (base 10) to base 13.
4a0ac
Convert f63f (base 16) to base 3.
10012110210
Convert 362 (base 8) to base 3.
22222
-101000000010101011100001 (base 2) to base 15
-dc5227
What is 1430542 (base 8) in base 13?
11296b
-3120303 (base 5) to base 13
-1a494
25030 (base 16) to base 12
73894
Convert -58b5 (base 13) to base 